18. Let f(a) be the second derivative of 1/20*a**5 + 0 + 0*a**3 - 1/2*a**t + 0*a**4 - 7*a. Determine f(2).
7
Let v(x) = -4*x**3 + 11 + 2*x**3 + 36719*x - 36723*x - 16*x**2. Calculate v(-6).
-109
Let z(p) be the first derivative of -3*p**4/2 - p**3/3 - p**2/2 - p - 3. Suppose -2*u + 23 = -9. Suppose t + a - 15 = -3*a, 0 = 4*t + 5*a - u. Calculate z(t).
5
Let c be ((-30)/(-55))/((-1)/(44/(-8))). Let t(b) = 2*b**2 - 7*b + 1. What is t(c)?
-2
Let b be 384/64 - 2*1. Suppose 25*t - 29*t - 16 = 4*l, -2*l - b*t - 12 = 0. Let r(q) = 2*q**3 + 3*q**2 - q + 1. Give r(l).
-1
Let l(i) be the first derivative of i**4/4 - i**3/3 + 3*i**2/2 - 4*i - 1488. Calculate l(0).
-4
Let v(g) = g**3 - 9*g**2 + 2*g - 6. Suppose -u - 3*u = 4*h - 44, -u + 21 = 2*h. Let o be -24 + 26 + 2 + 1. Let l be 2*1 - -14*o/h. Give v(l).
12
Let a(x) be the third derivative of -4*x**4/3 - 7*x**3/3 + 5*x**2 + 266. Calculate a(-3).
82
Suppose -17*b = -25*b + 40. Suppose 0 = b*n + 147 - 122. Let t(s) = s**3 + 4*s**2 - s + 6. What is t(n)?
-14
Let l(d) = -d**3 + 2*d**2 + 3*d - 4. Suppose -51*o = -207 + 309. What is l(o)?
6
Let t be -1 + (-147)/(-9) + 1/(-3). Let z(p) be the third derivative of -p**4/24 + 5*p**3/3 + 4*p**2 - 4*p. Determine z(t).
-5
Let b(t) = t**2 - 3*t - 14. Let g be b(6). Let i(x) be the second derivative of x**4/3 - 5*x**3/6 + x**2/2 - 24624*x. What is i(g)?
45
Let p(k) = -7*k - 27. Let x(y) = y + 2. Let i = -88 + 87. Let a(r) = i*p(r) - 6*x(r). What is a(0)?
15
Let a(w) = -w - 21. Suppose 0 = v - 2*s + 5, -2*v + 2*s - 15 = -3*v. Suppose -5 = k - 5*r, -5*r = -v*k - 1 - 4. Suppose k = -10*z - 3*z. Calculate a(z).
-21
Let i(p) = 4*p**2 + 31*p + 14. Let a(d) = d**2 + 9*d + 5. Let b(o) = -7*a(o) + 2*i(o). Determine b(-3).
5
Let m(k) be the first derivative of -k**4/4 - 9*k**3 - 27*k**2/2 - 50*k + 8831. Calculate m(-26).
-24
Suppose 4*r + 12 = -4*m, -5*r + 3*m + 4 = 19. Let p(z) = -26*z + 6. What is p(r)?
84
Let g(r) = -16*r + 6 - 7*r + 25*r. Let n(w) = -2*w**3 - w**2 + 3*w + 2. Let o be n(-1). Give g(o).
6
Let j(l) = -133*l - 14. Let y(f) = -166*f - 15. Let s(a) = -5*j(a) + 4*y(a). Determine s(9).
19
Let r(t) = 2*t - 4. Suppose 141 = 9*n - 282. Suppose 3*j + 4*g = 4, -4*j + g + n = -2*g. Determine r(j).
12
Let g(m) = m**3 - 4*m**2 + 3*m - 1. Suppose -154 = 2*j + n, -8 + 244 = -3*j + n. Let t = -48 - -129. Let o = j + t. Determine g(o).
-1
Let z(x) = 4 - 29*x + 5 - 2 - 6 + 7. Calculate z(-2).
66
Let o(z) = 1636*z - 794*z + 35 - 841*z. Determine o(-22).
13
Let i(g) = g**2 - 10*g - 11. Let v(a) = 114*a - 72. Let y be v(-3). Let s = -405 - y. Give i(s).
-20
Let w(y) = -1 - 66*y**2 + 18*y**2 + 4*y + 47*y**2. What is w(8)?
-33
Let q(s) = -10*s**2 - 7*s + 9. Let m(g) = -g**2 - g + 1. Let y(l) = -18*m(l) + 2*q(l). Give y(0).
0
Let s(z) = 4*z**2 - 2*z + 6. Let c(r) = -r**3 + 13*r**2 + 74*r - 98. Let o be c(17). What is s(o)?
62
Let o(j) = j**2 + 6*j - 10. Let x(w) = -w**2 - 4*w + 6. Let l be x(-4). Suppose l*d + 7 = -35. What is o(d)?
-3
Let u(t) = t**3 + 10*t**2 + 10*t - 1. Let z be u(-9). Let g(p) = 10*p - p**3 - 1358*p**2 + 675*p**2 + 2 + 674*p**2. What is g(z)?
2
Let s(m) = -6*m**3 - 13*m**2 + 2*m + 3. Let i(h) = 0*h**2 + 2*h**2 + h**3 + 249*h - 1 + 0*h**3 - 248*h. Let b(n) = 5*i(n) + s(n). Calculate b(-5).
13
Let b(h) be the first derivative of -19*h**2/2 + 13*h + 759. Determine b(1).
-6
Let m(v) = -6*v - 45. Let h = 6442 + -6451. What is m(h)?
9
Let b(c) = -993*c + 2045*c + 17 - 1038*c + 2*c**2. Give b(-7).
17
Let z(k) = 15*k**2 - 5*k + 8. Let n(x) = 12*x**2 - 3*x + 4. Let c(q) = -3*n(q) + 2*z(q). Give c(2).
-22
Let k(v) = 0*v - 888 + 1799 - 900 - 2*v + 2*v**2. Give k(-5).
71
Let m = 5695 + -5693. Let p(a) be the third derivative of -a**6/120 + a**4/12 - a**3/3 + 2*a**2. What is p(m)?
-6
Let b(f) = 6*f**2 - 12*f - 53. Let i(a) = -7*a**2 + 14*a + 58. Let t(z) = 10*b(z) + 9*i(z). Determine t(2).
-8
Let j(h) = -2*h**2 + 2*h + 2. Let p = 246 + -247. Let a be j(p). Let i(v) be the first derivative of v**4/4 + v**3/3 + v + 1. Determine i(a).
-3
Let o be 2904/(-2541) + (-1)/(-7). Let y(m) = -16*m**3 - m**2 - 2*m - 7. Let u(f) = 47*f**3 + 3*f**2 + 6*f + 20. Let j(a) = -6*u(a) - 17*y(a). Give j(o).
10
Suppose 26*q - 800 = 153*q - 77*q. Let f(u) = 4*u + 17. Calculate f(q).
-47
Suppose 3*x + l - 18 = 0, -x - 3*l + l + 11 = 0. Let u(a) = -7*a - 14 + x*a - a**2 + 20. Suppose 0*k - 15 = 3*k. Calculate u(k).
-9
Let l(s) = -2*s + 17. Let u be l(12). Let r be (-8*4/(-40))/((-2)/(-10)). Let t(j) = -11 - r*j + j**3 + 3*j + 16 + 7*j**2 - 10. What is t(u)?
2
Let t(m) be the first derivative of -m**7/840 - 7*m**6/360 - m**5/40 + m**4/8 - 2*m**3 + 3*m**2 + 72. Let f(c) be the third derivative of t(c). What is f(-6)?
-15
Suppose -3*k + d + 1 = 3*d, 5*k = 4*d - 35. Let w(g) be the third derivative of g**5/30 - g**4/6 - g**3/2 + 193*g**2. Calculate w(k).
27
Let j(l) = 447*l - 236*l - 210*l - 16. Let q be 6/(-4*1/(-8)). Give j(q).
-4
Let g be ((-4)/(-14))/(3/84*4). Let h(i) = 5*i + i**3 + 0 + 3283*i**2 - 3277*i**g + 6. What is h(-5)?
6
Let g(v) be the third derivative of -v**4/24 + 2*v**3/3 + 7*v**2. Let p(k) = -15*k + 25*k - 16*k + 19. Let a(b) = 11*g(b) - 2*p(b). Calculate a(0).
6
Let w(p) = 3*p**2 + p. Let t be w(1). Let o(h) = -4390*h + 4385*h - 6 - 1 + 2. What is o(t)?
-25
Let v(z) = 94*z. Let b be 5*(10 - 576/60) + -3. Give v(b).
-94
Let b(h) = -5*h**3 - 33*h**2 + 17*h - 79. Let k(v) = 3*v**3 + 21*v**2 - 11*v + 53. Let m(a) = 5*b(a) + 8*k(a). What is m(4)?
1
Let z(q) be the first derivative of q**2/2 - 19*q + 2069. What is z(-2)?
-21
Let b(v) be the first derivative of v**2/2 + 4*v + 30. Let o(n) = -2*n**2 - 17*n - 13. Let z be o(-8). Calculate b(z).
-1
Let i(m) = m - 175. Let b be i(12). Let o = b - -156. Let q(n) = n**2 + 7*n - 1. Give q(o).
-1
Let p(g) = -11*g**2 - 101*g + 9. Let t(n) = -n**2 - 12*n - 1. Let j(s) = p(s) - 7*t(s). Determine j(1).
-5
Let j be 266/10*(-23 - -28). Let y = 127 - j. Let g(d) = d**3 + 5*d**2 - d + 2. What is g(y)?
-28
Let i(k) = -k**2 - 5*k + 5*k + 9*k - 15 + 6 + 2. Let o = 84 + -76. Calculate i(o).
1
Let l be (-8)/(-20) + 26/10. Let c(u) = -14*u**3 - u**3 + 2*u**3 - u**2 + 8*u**l. What is c(-1)?
4
Let o(d) = -d**2 + 7*d - 6. Suppose -6*w + 108 = -3*w - c, 2*c + 146 = 4*w. Suppose -4*i - 16 = h, 0*h - 5*h + 3*i = -w. What is o(h)?
6
Let p(j) = j**3 - 10*j**2 + 20*j - 60. Suppose 15*x + 5*w + 36 = 17*x, w = -4. What is p(x)?
-28
Let f(k) = -k**3 + k. Suppose -28*v + 30*v - 10 = 0. Let p(b) = 4*b**3 + 7*b**2 - 10*b - 3. Let w(z) = v*f(z) + p(z). What is w(4)?
25
Suppose -50*z = 46 - 8 + 62. Let q(j) = -12*j + 16. Calculate q(z).
40
Let y(f) = -4*f**2 - 16*f + 15. Let z be y(-13). Let a = z - -454. Let n(c) be the second derivative of -c**3/3 - c**2/2 + c. Calculate n(a).
-3
Suppose 2*j + n - 26 = -2*j, 5*n = -5*j + 25. Let i(c) be the second derivative of 0 - 7/6*c**3 - 7*c + 4*c**2 + 1/12*c**4. Determine i(j).
8
Let d(k) = -2*k**2 + 29*k + 11. Let s(g) = -g**2 + 39*g - 309. Let a be s(12). Calculate d(a).
-4
Let v = 145 + -143. Let f(d) = 90*d**2 - 165*d**2 + 9 - 6*d - d**3 + 82*d**v. Determine f(6).
9
Let f = -7628 - -7626. Let m(r) = -r**3 + 10*r**2 - 9*r + 2. Let o be m(9). Let n(k) = k**3 - 3*k**3 + 3*k**2 - 3*k - 7*k**o. Give n(f).
6
Let s(q) = 4*q + 12. Suppose -16 = -4*k - g, 1 - 5 = -k + g. Let r = k + -7. Let m be s(r). Let b(u) = -u**2 - u + 5. Determine b(m).
5
Let o(w) = 2*w + 12. Let c(k) = -3*k - 24. Let j(h) = -3*c(h) - 5*o(h). Let q(d) be the first derivative of 3*d**2/2 - 14*d - 23. Let y be q(7). What is j(y)?
5
Suppose 0 = -2*p - w - 3, 656*w + 12 = -3*p + 657*w. Let f(m) = 0*m - 4*m + 5*m + 7. Calculate f(p).
4
Suppose -2725 - 1000 = -5*w. Let z(k) = w*k**2 - k - 1487*k**2 + 739*k**2 + k**3. Let d(u) = u**2 + 3*u + 3. Let i be d(-3). What is z(i)?
-3
Let u(f) be the first derivative of f**4 + f**3 - 5*f**2/2 + 407. Determine u(2).
34
Let x(s) = 2*s**3 + 6*s**2 - 5*s + 5. Let f(y) = y**3 + 6*y**2 - 4*y + 4. Let v(o) = 3*f(o) - 2*x(o). Let u be -8*((-57)/60 + 6/30). Give v(u).
-10
Suppose 9 - 12 + 3 = 93*q. Let c(y) = 5*y - 46. Calculate c(q).
-46
Let x(u) = u + 14. Let b(d) = -4*d**3 + d**2 - 13. Let c be b(-2). Suppose 3*y + 9*n - 4*n = -c, -4*n = 5*y + 47. Give x(y).
3
Let i(q) be the first derivative of q**4/4 + q**3/3 + q**2 + q + 477. Calcula